omposite number?
True
Is 21828233 a prime number?
False
Is 9749681 prime?
True
Is 2876903 a composite number?
False
Is 477721 a prime number?
True
Is 282307511 prime?
True
Is 539898169 prime?
True
Is 4446269 a prime number?
True
Is 300600449 a composite number?
False
Is 4609009 a prime number?
True
Is 44558467 composite?
True
Is 182346909 a prime number?
False
Is 1601939 prime?
False
Is 62841257 composite?
False
Is 1779665 a prime number?
False
Is 2848337 prime?
True
Is 8864047 prime?
False
Is 9134481 a composite number?
True
Is 2182109 prime?
True
Is 968000107 prime?
False
Is 4585283 a composite number?
False
Is 9827743 a prime number?
True
Is 4670353 a prime number?
True
Is 274500553 a prime number?
False
Is 1955873 prime?
True
Is 241699067 composite?
True
Is 458089 a prime number?
False
Is 173473 a composite number?
False
Is 302296801 prime?
True
Is 20656577 prime?
True
Is 327581 a prime number?
True
Is 427433 prime?
True
Is 368021 prime?
True
Is 137273 a prime number?
True
Is 2449229 prime?
False
Is 12299533 a prime number?
False
Is 10367769 a composite number?
True
Is 766901 prime?
True
Is 350903 a prime number?
False
Is 2397029 a prime number?
False
Is 2242073 composite?
False
Is 30743681 composite?
False
Is 16850527 a composite number?
True
Is 2937569 prime?
False
Is 32892999 a composite number?
True
Is 9123913 prime?
False
Is 187326701 composite?
False
Is 7879031 a prime number?
False
Is 5773987 composite?
True
Is 7074101 a prime number?
True
Is 1297127591 prime?
False
Is 17429689 prime?
False
Is 727749123 a prime number?
False
Is 275113999 prime?
True
Is 14218843 a composite number?
True
Is 250511 a prime number?
False
Is 7694871 a composite number?
True
Is 67306205 composite?
True
Is 385955477 composite?
False
Is 4720937 a composite number?
True
Is 263298619 a prime number?
True
Is 102590287 prime?
True
Is 10711443 a composite number?
True
Is 29989567 a composite number?
True
Is 2356378 a composite number?
True
Is 302844937 a composite number?
True
Is 105214259 a composite number?
True
Is 173508463 composite?
False
Is 3910597 composite?
False
Is 125675191 composite?
True
Is 12000011 a composite number?
True
Is 44518541 a composite number?
True
Is 15696421 prime?
False
Is 76343 prime?
True
Is 845809 a composite number?
False
Is 6152199 prime?
False
Is 134247049 a composite number?
True
Is 21782767 a composite number?
True
Is 11212667 a prime number?
True
Is 2699089 a prime number?
False
Is 6156833 prime?
False
Is 104456083 a composite number?
False
Is 2154521 prime?
False
Is 36181853 a prime number?
True
Is 40237187 a prime number?
False
Is 2003171 composite?
True
Is 4593619 composite?
False
Is 4444049 composite?
False
Is 45632273 a prime number?
False
Is 267522797 prime?
True
Is 22128551 a prime number?
True
Is 6445709 prime?
False
Is 7661393 a composite number?
False
Is 21236731 prime?
True
Is 387600737 prime?
True
Is 19811291 composite?
True
Is 4471763 a prime number?
False
Is 347857691 a prime number?
True
Is 16771717 composite?
True
Is 9861973 prime?
False
Is 1237297 composite?
False
Is 20377831 prime?
True
Is 489391967 a composite number?
False
Is 755647 prime?
False
Is 56686691 a prime number?
True
Is 152132389 a prime number?
True
Is 7047473 a prime number?
True
Is 35037815 prime?
False
Is 10233863 composite?
False
Is 122302897 a composite number?
False
Is 78565621 a composite number?
True
Is 2780671 a prime number?
True
Is 143053 prime?
True
Is 313115623 a prime number?
False
Is 2025103 a composite number?
False
Is 43949989 a composite number?
False
Is 174953287 a prime number?
True
Is 81336997 prime?
False
Is 417368249 a composite number?
True
Is 3817621 a composite number?
False
Is 40989297 composite?
True
Is 29978194 a prime number?
False
Is 14776599 composite?
True
Is 62161429 composite?
True
Is 13258393 prime?
True
Is 12783719 a prime number?
False
Is 766721 a prime number?
True
Is 28321 a composite number?
True
Is 60922649 a prime number?
False
Is 152481689 a prime number?
False
Is 190695379 composite?
True
Is 1120013 composite?
True
Is 22607957 prime?
True
Is 4513549 composite?
False
Is 35379967 composite?
True
Is 6020461 a prime number?
False
Is 4519133 prime?
False
Is 41292533 a composite number?
False
Is 314698321 a composite number?
True
Is 472526311 a prime number?
False
Is 269981 a prime number?
True
Is 297397909 a prime number?
True
Is 314659 prime?
False
Is 187634663 a prime number?
True
Is 307844149 a prime number?
True
Is 143693873 composite?
False
Is 19046669 a composite number?
False
Is 78053 a prime number?
False
Is 9039997 a composite number?
True
Is 7477739 composite?
True
Is 42494029 composite?
True
Is 10284497 prime?
True
Is 31102613 a prime number?
True
Is 704084917 composite?
False
Is 3385055 a composite number?
True
Is 2397919 prime?
False
Is 598333 prime?
True
Is 10233889 prime?
True
Is 220278239 a composite number?
True
Is 4578415 a prime number?
False
Is 62317133 composite?
False
Is 10915061 composite?
True
Is 4774369 a composite number?
True
Is 71266669 composite?
True
Is 1609301 prime?
True
Is 8297909 composite?
False
Is 5126489 prime?
False
Is 55598 a prime number?
False
Is 5270677 a composite number?
False
Is 115073373 a prime number?
False
Is 4642985 composite?
True
Is 12777799 prime?
False
Is 143025229 a prime number?
True
Is 7724603 a composite number?
True
Is 2412439 a prime number?
True
Is 9999439 a prime number?
False
Is 1298153 a prime number?
False
Is 324794723 prime?
False
Is 1456320553 composite?
False
Is 28539457 a composite number?
True
Is 349614103 a prime number?
True
Is 495667 a prime number?
True
Is 2865803 prime?
True
Is 1493423 composite?
False
Is 431567 composite?
False
Is 148746671 composite?
False
Is 43493479 a composite number?
False
Is 84579911 prime?
False
Is 1403747 a prime number?
True
Is 739463 a prime number?
True
Is 16223639 a prime number?
False
Is 8988911 composite?
True
Is 23457697 a prime number?
True
Is 4141931 prime?
False
Is 104590711 a prime number?
True
Is 27578141 a prime number?
True
Is 12153829 prime?
False
Is 8144257 a composite number?
True
Is 1703657 composite?
True
Is 253861943 a prime number?
True
Is 24802489 prime?
True
Is 84830683 prime?
False
Is 14835701 a composite number?
True
Is 4408007 prime?
True
Is 73506253 prime?
True
Is 3684143 prime?
False
Is 388593583 prime?
False
Is 3075377 a composite number?
False
Is 646379 a prime number?
True
Is 27597793 composite?
True
Is 2703137 a prime number?
True
Is 407463937 a composite number?
False
Is 521102267 a prime number?
False
Is 16687057 prime?
False
Is 838762655 composite?
True
Is 3132461 a composite number?
False
Is 140921093 a composite number?
True
Is 305154307 prime?
False
Is 21327343 prime?
True
Is 508605289 a composite number?
False
Is 78122411 composite?
False
Is 2886101 composite?
True
Is 14490142 prime?
False
Is 1070645 composite?
True
Is 2717549 a prime number?
True
Is 5133545 a prime number?
False
Is 1661965 a prime number?
False
Is 306852901 composite?
True
Is 14466713 composite?
False
Is 243303343 composite?
True
Is 554503 a prime number?
True
Is 74271887 a composite number?
False
Is 10253947 prime?
False
Is 13215661 a prime number?
True
Is 652179227 prime?
False
Is 10311891 a composite number?
True
Is 1036345 a prime number?
False
Is 1361249 a composite number?
True
Is 72451273 prime?
True
Is 13352281 prime?
False
Is 104349389 a prime number?
True
Is 5954729 a composite number?
True
Is 188663257 composite?
False
Is 844421 prime?
True
Is 42803911 prime?
False
Is 1975187 a prime number?
True
Is 32148499 a prime number?
True
Is 1113203677 composite?
True
Is 700192349 composite?
True
Is 15818941 prime?
True
Is 742425503 prime?
True
Is 6185513 a prime number?
False
Is 4809859 composite?
False
Is 35789815 composite?
True
Is 2516863 composite?
False
Is 14687303 prime?
False
Is 546732601 composite?
False
Is 10072273 prime?
False
Is 70171499 prime?
False
Is 2761091 prime?
True
Is 37233851 prime?
False
Is 339081641 prime?
False
Is 3049289 a prime number?
True
Is 5905373 composite?
True
Is 5074169 prime?
False
Is 13593091 a prime number?
False
Is 7851691 composite?
False
Is 1257047 a prime number?
False
Is 1145629 composite?
True
Is 3506189 prime?
False
Is 42859507 a prime number?
True
Is 